17*a**2 + 86*a - 429. What is the hundreds digit of f(6)?
4
Let o(w) = 20*w**3 + 335*w**2 + 13*w + 16. What is the units digit of o(-15)?
6
Let u be ((-8)/14)/(4/(-11228)). Suppose 731*z - u = 729*z. What is the units digit of z?
2
Let y = -29 - -29. Suppose y = -2*m + m + 1. What is the units digit of 6/(-8) + (-78)/(-8) + m?
0
Let b(l) = l**2 + 27*l + 65. Let t be b(-25). What is the units digit of 904 + (-42)/(t + -8)?
8
Suppose 0 = -0*d - 2*d + 284. Let t = -3775 + 3900. Let i = d - t. What is the units digit of i?
7
Let k = -15 + -1. Let z = k - -22. What is the units digit of -18*((-39)/z - -2)?
1
Let v(z) = -z**2 - 8*z + 2. Let w be v(-8). Suppose -3*x + 5*l - 3*l = 726, -484 = w*x + 3*l. Let u = -71 - x. What is the hundreds digit of u?
1
Let w be ((-38)/95)/((6/20)/3). What is the hundreds digit of -17*(-2)/(6*w/(-348))?
4
Suppose -25 = -5*i - 10. Let u(t) = -15*t**2 + 2. Let h be u(i). Let w = -53 - h. What is the units digit of w?
0
Suppose 5*r - 11 = -1. Suppose 0 = -l + r*l - 5*o, o = 4*l + 38. What is the units digit of l/25 - (-137)/5?
7
Let w(a) = -2021*a + 251. What is the tens digit of w(-3)?
1
Let j = -5 - -14. Suppose j*n + 608 = 10*n. What is the units digit of n?
8
Suppose f - 1058 = 4*u - 60, 2*u = -4*f + 4010. Suppose -4*x = 5*i - f, -3*i - 4*x + 658 = 60. What is the units digit of (3 - i)/(4 - (0 - -5))?
9
Suppose 14*k - 90479 = 243442 + 249109. What is the tens digit of k?
4
Let k(h) = -212*h - 71. Let i be k(-1). Let w be 0 - ((-732)/(-2))/(-1). Let u = w - i. What is the units digit of u?
5
Suppose 0 = -187*t + 126*t + 370148. What is the hundreds digit of t?
0
Let u(i) = -i**2 + 678*i + 17790. What is the thousands digit of u(0)?
7
Suppose -114*d + 108*d = -16788. What is the units digit of d?
8
Let a = -218 - -252. What is the tens digit of -5 + a*14 + -5?
6
What is the hundreds digit of 6/(-69) - (-386232)/184?
0
Let r(w) = -125*w + 1001. What is the hundreds digit of r(-27)?
3
Suppose -3*t - 35 = 5*f, 0 = 5*t + 5*f + 19 + 36. Let a = t - -15. Suppose 3*x + 228 = 3*i, -4*i = a*x - 125 - 206. What is the tens digit of i?
7
Let v = -2554 + 14785. What is the units digit of v?
1
Let r = -5710 - -11431. What is the hundreds digit of r?
7
Suppose -5*m = -m - 5*y - 21, -4 = 4*y. Suppose -1 = -m*x - j, -4*x - 1 = -2*x + j. What is the tens digit of (1 - (-3)/(-5))/(x/180)?
7
Let t(w) = 25*w**2 + 86*w - 111. What is the units digit of t(-25)?
4
Let l(g) be the second derivative of -g**3/6 + 39*g**2/2 - g. Let v(q) = q**3 + q**2. Let r be v(-1). What is the units digit of l(r)?
9
Suppose 393577 + 1345064 = 48*y - 427983. What is the hundreds digit of y?
1
Let r(w) = 1120*w - 2781. What is the units digit of r(39)?
9
Let b(n) = -2*n**2 - 4*n + 3. Let u be b(2). Let x = 33 + u. What is the units digit of 372/10 - 4/x?
7
Let k(x) = 214*x**2 - 15*x + 127. What is the ten thousands digit of k(-11)?
2
Let m(f) be the second derivative of f**5/10 + f**4/24 + f**3/6 + 13*f. Let s(d) be the second derivative of m(d). What is the tens digit of s(7)?
8
Let z(q) = -7*q**2 + 21*q + 12. Let a(g) = -12*g**2 + 41*g + 23. Let h(b) = -4*a(b) + 7*z(b). Let t be 4/6*78/(-4). What is the units digit of h(t)?
4
Let g(v) = 1676*v**2 + 9*v - 101. What is the thousands digit of g(3)?
5
Suppose -42*c = -51*c + 7587. Let k = c + -371. What is the hundreds digit of k?
4
What is the ten thousands digit of (-1)/7 + -14533*(9 + (-213)/21)?
1
Let d(p) = -12*p**3 - 6*p**2 - 6*p + 3. Let a be (-12 + (-648)/(-60))/((-3)/(-10)). What is the hundreds digit of d(a)?
6
Let b(l) = -2*l**3 - 17*l**2 + 8*l - 7. Let c be b(-9). Let n(k) = 49*k + 4. Let m be n(4). Suppose c*y - m = 4. What is the hundreds digit of y?
1
Let k = 1569 - 309. What is the units digit of k?
0
Let z = 47 - 41. Suppose -z*o = -9*o + 108. What is the units digit of 2384/o + (-2)/9?
6
Suppose 0 = 2*q - 12 + 8. Suppose 4*d + 0*y + q*y - 2042 = 0, 5*d + y - 2551 = 0. What is the hundreds digit of d?
5
Suppose 2*m + 3*g - 16 = 11842, -5*m - 4*g = -29645. What is the units digit of m?
9
What is the thousands digit of (10095/(-6))/(795/(-1908))?
4
Let m = -17 - -21. Let b(s) = -1 - 11*s - 5*s - 21*s + m*s. What is the tens digit of b(-2)?
6
Let l(w) = -8*w + 213. Let b be l(26). Suppose -816 + 7261 = b*g. What is the units digit of g?
9
Let g be (5 - -3)*(-5)/(-10). Suppose -g*r + 60 = x, -3*x - r + 106 + 107 = 0. What is the units digit of x?
2
What is the units digit of (-1376833)/(-116) + (-27)/12?
7
Suppose 0 = -0*j - j + 3. Let r = -169 - -172. Suppose 4*s = a + 329, -r*s + 246 = 2*a - j*a. What is the units digit of s?
3
Let v be (-231)/(-9) + (-8)/12. Suppose 4*a = -4*x + a - 643, -5*a - v = 0. Let r = -74 - x. What is the units digit of r?
3
Suppose 2*i + 79 = -m, -2*m - 24*i = -22*i + 150. Let r = m + 762. What is the hundreds digit of r?
6
Let v = 40883 + -13159. What is the tens digit of v?
2
Suppose 0 = -5*m + 5*p - 2050, -3*m + 9*p - 13*p = 1251. Let b = 269 - m. What is the units digit of b?
2
Let w = -6414 + 11320. What is the tens digit of w?
0
Let j(z) = 664*z + 102. What is the hundreds digit of j(5)?
4
Let g(o) = 6146*o**3 + 10*o**2 - 10*o - 6. Let h be g(3). What is the hundreds digit of h/405 + 6/45?
4
Let t(x) = -34692*x**3 + 3*x**2 - x + 1. Let m be t(1). What is the tens digit of 6/45 - m/45?
7
Suppose -b - 840 = 41*b. Let p(o) = -5*o**2 - 21*o - 32. Let x(k) = -14*k**2 - 64*k - 97. Let d(g) = -11*p(g) + 4*x(g). What is the tens digit of d(b)?
6
Let z = 4073 + 2868. Suppose 9*x + 902 = z. What is the hundreds digit of x?
6
Let l be -3*((-55)/(-15) - 4). Let y be (l/(-2) - 2)*(-336)/30. What is the tens digit of (27 - y)*(-205 + 0)?
0
Suppose -2305 + 828 = -q - 5*n, 4*n + 4 = 0. What is the hundreds digit of ((-150)/225)/((-4)/q)?
2
Let v(c) be the first derivative of c**5/3 - 15*c**4/8 + 2*c**3 - 9. Let w(g) be the third derivative of v(g). What is the units digit of w(5)?
5
Let a(y) = -2*y**3 + 26*y**2 - 8*y + 40. Let b be a(13). Let h = b + 151. What is the units digit of h?
7
Let d(c) = c - 1. Let o(i) = -6*i - 5. Let z(h) = 3*d(h) + o(h). Let g be z(-6). Suppose -547 = -g*m + 1353. What is the hundreds digit of m?
1
Suppose -13*q - 5*x + 132368 = 0, -q + 2*x - 3922 = -14097. What is the hundreds digit of q?
1
Let l be 2/(-7) - 3024/49. Let c = -108 - l. Let d = c + 128. What is the units digit of d?
2
Suppose 7*k - 10*k = -6. Suppose -13 = k*y - 21. Suppose 9 = y*f + l, -2*f + 3*l = 4 + 9. What is the units digit of f?
1
Let t(d) = -d**3 + 17*d**2 - 17*d + 22. Suppose 13*a = 10*a + 48. Let y be t(a). Let h = 108 + y. What is the units digit of h?
4
Let c(t) = 7*t**2 - 31*t - 18. Suppose 5*y - 4*k - 112 = -41, 2*y - 2*k - 28 = 0. What is the thousands digit of c(y)?
1
Let s(l) = 1171*l**2 + 51*l + 21. What is the tens digit of s(-3)?
0
Let v(s) = 5*s**2 - 5*s + 2. Suppose 7*k - 8*k - p = -15, -4*p = -5*k + 48. Suppose 0 = -13*b + k*b + 2. What is the tens digit of v(b)?
1
Let o(z) = -z**3 + 12*z**2 - 9*z - 18. Let l be o(11). Let t(h) = -2*h**3 - 3*h**2 + 8*h - 4. Let a be t(l). What is the tens digit of (a/6)/(6/(-27)*3)?
3
Let v be (5/15)/((-5)/(-75)) - 2. Suppose -6*w + 4*w - 371 = -v*f, 369 = 3*f - 3*w. What is the units digit of f?
5
Let z(t) = -t**2 - 39*t + 40. Let s be z(-37). Suppose -w + 39 = f - 79, 5*w = -f + s. What is the tens digit of f?
1
Suppose -2*m - 21 = -3*g, 3 = -4*g + 4*m + 31. Suppose 3155 - 817 = g*t. What is the tens digit of t?
3
Suppose -20*c + 23*c - 9 = 0. Suppose -5*q + 1571 = -v, c*q - 940 = 5*v - 7*v. What is the units digit of q?
4
Let s(a) = 4*a**2 + 12*a + 17. Suppose 4*u + 3*m = -u + 11, 4*u + m - 6 = 0. Let t be (-10)/15*(u + 8). What is the units digit of s(t)?
9
What is the units digit of 5722 + 216/(-24) + 0 + 6?
9
Suppose 2 = -4*f + 6, f = -t + 1. Suppose -2002 + 646 = -4*d - 2*r, t = -d - 3*r + 349. What is the units digit of d?
7
Suppose m - 3*d - 2774 = 0, -m + d = -2174 - 598. Suppose 27*k = 44*k - m. What is the hundreds digit of k?
1
Let p(s) = -49 + 56*s**2 + s + 99 - 51. What is the hundreds digit of p(-4)?
8
Let l be ((-15)/(-3))/(-5 - -6). Suppose -2*r + 3 = -l. Suppose -4*w + 504 = r*o, 6*o - 5*w = 2*o + 468. What is the tens digit of o?
2
Let o = -106 - -208. What is the tens digit of (1 + (-201)/(-6))*o/3?
7
S